2*w**3/3 + w. Suppose -9 = 5*y + 1. Let h = y + 6. Determine v(h).
0
Let t(b) = -b + 1. Let l be (-15 + 19)*26/8. Suppose g = 5*s - s + l, 4*s - 8 = 4*g. Give t(g).
8
Let c(v) be the second derivative of -v**7/1260 - v**6/180 + v**5/120 + 3*v**4/4 + 3*v. Let j(s) be the third derivative of c(s). Calculate j(-4).
-15
Let r be (32/(-40))/2*5. Let f(m) = -6*m**3 + 2*m**2 + 3*m + 1. What is f(r)?
51
Let r(k) = -5 + 7*k - 5*k + k. Let g(y) = -4*y + 6. Let d(a) = -5*g(a) - 6*r(a). Give d(-5).
-10
Let q be ((-28)/8 - 4)/((-2)/(-4)). Let s(h) = h + 23. What is s(q)?
8
Let q(t) = -7*t - 3. Let x = 3 - 1. Let m be q(x). Let o = 12 + m. Let v(a) = a + 5. Determine v(o).
0
Let p(t) = -2*t**2 + 2*t + 4. Let b be p(3). Let c(w) = -10 - 6*w + 4 - 3 + 17*w - 12*w. Give c(b).
-1
Let p = -502 - -501. Let j(x) = -x + 8. Let h be j(6). Let k(r) = -2*r**2 - h*r**2 - 2*r**2 + 1. Determine k(p).
-5
Let g(o) = -4 + 7*o - 2*o + 13 - 9*o**2 + o. Let d(h) = -8*h**2 + 5*h + 8. Let s(x) = 7*d(x) - 6*g(x). Let w(u) = -u - 6. Let t be w(-8). Give s(t).
-8
Let w(s) = 10*s + 2. Let l(c) = 5*c + 1. Suppose -3*a - 4*f - 13 = -2, 22 = -4*a + 2*f. Let z(d) = a*l(d) + 2*w(d). Suppose -23 = 5*h - 18. Determine z(h).
4
Let i be (-2)/12 + (-447)/18. Suppose w - 13 = -2*q, -3*w + q + 79 = -3*q. Let z = i + w. Let x(c) = c**3 + 4*c**2 + c + 4. Determine x(z).
0
Let s = -33 + 35. Let h(j) = -8 + 0*j**2 - j**s - 7*j + 2*j**2 - 2*j**2. Determine h(-6).
-2
Suppose 2*y + n - 6 = -3*n, 3*y + 2*n - 25 = 0. Let t(m) = m**3 - 4 - 2*m + m - 5*m**2 + y. What is t(5)?
2
Let h(t) be the third derivative of -22*t**2 + 1/60*t**5 + 1/3*t**3 + 0 + 0*t + 1/24*t**4. Determine h(-2).
4
Let k(a) = a**2 + 6*a + 50. Let v(c) = -c**2 - 5*c - 66. Let f(s) = 4*k(s) + 3*v(s). Suppose p + 16 = -3*d, 0 = -p - 4*d - 2 - 17. Calculate f(p).
-12
Let k(g) = 18 - 9 + 0 + 3*g. Let c be (-22 - -15)*((-8)/7 + 2). What is k(c)?
-9
Let h(d) be the first derivative of d**2 - 7*d - 69. Calculate h(6).
5
Let x(q) = q**3 - 3*q**2 - 3*q + 1. Let m be 180/48 + (-6)/8. What is x(m)?
-8
Let z(v) = -4*v + 4*v**2 - 830 - 17*v - 18*v**2 + 851. Let x(i) = -5*i**2 - 7*i + 7. Suppose 23 = -4*r - 1. Let k(o) = r*z(o) + 17*x(o). Determine k(5).
3
Let h(f) = f**2 - f - 4. Let u(v) = 2*v**2 + v + 2. Let s be u(-4). Suppose 3*c + 6 = -s. Let b be (1 - 0)/((-4)/c). Give h(b).
2
Let p(y) = -2*y - 11. Let m be p(4). Let a(d) = -2*d - 36. Calculate a(m).
2
Suppose -2*a = a - 21. Let c(b) = 8*b + 18058*b**2 - b**3 - 3 - 18052*b**2 - b + 9. Give c(a).
6
Let s(k) be the third derivative of k**6/120 - k**5/15 - k**4/8 + k**3/2 - 34*k**2. Let w be (-6)/(-21)*(12 - -2). Calculate s(w).
-9
Let f = 9 - 14. Let x be ((-135)/(-30))/((-1)/(-2)). Let r = f + x. Let d(p) = p**3 - 4*p**2 - 4. Give d(r).
-4
Let f(z) be the second derivative of 1/12*z**4 + 13*z + 0 - 1/2*z**3 - 3/2*z**2. Calculate f(4).
1
Let c = 21 - -19. Let x be (3/12)/(2/c). Let o(f) = f**2 - 5*f - 1. What is o(x)?
-1
Let k = 370 - 363. Let f(v) = -3*v**2 + 10*v - 12. Let r(a) = -13*a**2 + 40*a - 49. Let y(q) = -9*f(q) + 2*r(q). Give y(k).
-11
Let c(y) = y**2 - 7*y + 10. Let v = -464 + 469. Give c(v).
0
Let x(y) = -4*y - y + 4*y - 3 - 1 - 1. What is x(-4)?
-1
Let w(h) = 5*h**2 - h - 1. Suppose -g + 17 = 20. Let p(n) = 5*n**2 - n - 1. Let t(o) = g*p(o) + 4*w(o). Give t(-1).
5
Let a(n) = -n**3 - 8*n**2 - 6*n + 9. Suppose -2*r - 3*p = 20, -5*r = 63*p - 68*p + 25. What is a(r)?
2
Suppose z = 2*z. Let m(g) = -2*g**3 + 5*g**2 - g + 0*g**3 + 3 - g**3 + 4*g. Let i(w) = -w**3 + 2*w**2 + w + 1. Let u(s) = 5*i(s) - 2*m(s). Calculate u(z).
-1
Let f = 109 + -110. Let a(y) = 10*y + 6. Calculate a(f).
-4
Let h = 456 + -450. Let n(a) = a**2 - 8*a + 5. Calculate n(h).
-7
Let c(r) = 11*r**3 + 3*r**2 + 26*r + 16. Let o(z) = -5*z**3 - 2*z**2 - 12*z - 7. Let l(j) = 6*c(j) + 13*o(j). Calculate l(8).
5
Let n(h) = -h + 5. Let z = 197 - 188. Calculate n(z).
-4
Let r(k) = k. Let z(o) = -o. Let a(i) = 3*r(i) + 2*z(i). Suppose 12*g = 4*w + 10*g - 4, -3*w + 3*g - 3 = 0. What is a(w)?
3
Suppose -3*j + 3 + 15 = 0. Let h(d) = 7*d - j + 6*d**2 + 6*d**2 - 13*d**2. Determine h(6).
0
Let x(n) = -3*n - 3. Let t be x(-6). Suppose -5*b = -t + 5. Let k(v) = -3*v**2 - 1 - 2*v + v + 2*v**b - 2*v**2. Calculate k(-1).
-3
Let c(k) = 368 - 176 + 10*k - 183 - k**2. Calculate c(10).
9
Let a(o) be the second derivative of -o**4/12 - o**3/6 - 8*o**2 - 185*o. What is a(0)?
-16
Let a(q) be the third derivative of -q**6/120 - q**5/20 + q**4/8 - q**3/2 - 48*q**2 - 3. Calculate a(-4).
1
Let f(b) = -b**3 - b - 1. Suppose -3 = 2*p + p. Let o(w) = w**3 - w**2 - 2*w - 2. Let j(r) = p*o(r) + 3*f(r). Suppose -s + 0*s - 1 = 0. What is j(s)?
5
Let f(s) = -8*s**2 - s. Let p(t) = -3*t**2 + t + 1. Let n(b) = f(b) - 3*p(b). Give n(5).
2
Let m(j) = -5*j**3 + 28*j**2 + 13*j - 6. Let q(c) = c**3 - 6*c**2 + 1. Let h(z) = -m(z) - 6*q(z). What is h(6)?
-6
Let r(z) = -z**3 + z**2 + z + 3. Let b = -2280 + 2282. What is r(b)?
1
Let t(n) = n + 22. Let a be t(-16). Let h(d) = 3*d - 7*d**3 + 9*d**3 - 1 + 2*d. Let m(q) = -6*q**3 - 14*q + 3. Let z(r) = a*m(r) + 17*h(r). Calculate z(-1).
2
Suppose -36 = 7*j - 3*j. Let q(k) be the second derivative of -k**3/3 - 5*k**2 + 10*k + 4. Calculate q(j).
8
Suppose 3*h = 5*r - 8, 2*h = r + 5 - 1. Let q(m) = 248 - 123 - h*m - 123. Give q(2).
-6
Let t(z) = z**3 + 5*z**2 + 8*z + 2. Suppose 36*a - 22*a + 42 = 0. Give t(a).
-4
Let p be (-1530)/126 - (-16)/14. Let i(c) = -2*c - 21. Determine i(p).
1
Suppose -7*y - 3*p + 381 = -2*y, y = -3*p + 69. Let x be (-161)/(-28) + -5 - y/8. Let c(b) = -b**3 - 10*b**2 - 9*b - 5. Calculate c(x).
-5
Let m(r) = r**3 + 4*r**2 + 3*r + 6. Let j be m(-3). Let n(f) = -f**3 + 5*f**2 + 7*f - 1. What is n(j)?
5
Suppose 5 = -2*g + r + 1, 5*r + 20 = 0. Let z = g - -9. Let j(a) = 5*a - z*a + 4*a**3. Calculate j(1).
4
Let i(n) = 150*n**3 - 15*n**2 + 16*n**2 - 149*n**3. Calculate i(0).
0
Let s be (3 - -5 - 4) + -2. Let x(n) = 0 - 19*n**2 + 20*n**s - 2 + 3*n - 4. Give x(-5).
4
Let z = 62 + -68. Let m(a) be the first derivative of 0*a - 1 - 5/2*a**2 - 1/3*a**3. Determine m(z).
-6
Let j(g) = g**3 - 5*g**2 - g + 2. Let p(k) = k**3 - 12*k**2 + 10*k + 16. Let t be p(11). What is j(t)?
-3
Let p(m) be the third derivative of -17*m**5/120 - 4*m**3 - 3*m**2. Let y(h) be the first derivative of p(h). Determine y(-1).
17
Let k(s) = 855 - 862 + s**2 - 3*s - 2*s + 2*s**2 + 9*s. Give k(-3).
8
Let m(x) = -484*x**2 - 492*x**2 - 490*x**2 - 12*x + 1476*x**2 + x**3 - 24. What is m(-11)?
-13
Let t(a) = 3*a + 1. Suppose -5*k + 4*o = -44, -3*k + o = -8*k + 39. Let r(p) = 9*p + 2. Let q(f) = k*t(f) - 3*r(f). Suppose 10 = -12*b + 58. Calculate q(b).
-10
Let t(o) = -3*o**2 - 11*o + 6. Let r(f) = 4*f**2 + 12*f - 7. Let q(v) = -4*r(v) - 5*t(v). Let d(n) = 1. Let y(p) = -2*d(p) - q(p). What is y(7)?
0
Suppose 0 = 12*f - 5*f + 399. Let q = 62 + f. Let d(m) be the first derivative of -m**4/4 + 2*m**3 - 3*m**2 - 1. Determine d(q).
-5
Let n(u) be the third derivative of -u**4/12 + 5*u**3/3 - 7*u**2. Suppose 40 = 503*s - 498*s. What is n(s)?
-6
Let p(i) = 2*i - 84485 + i + 84490. Give p(-6).
-13
Let q(o) = o + 3. Let h be q(-1). Let x(v) be the first derivative of 1/2*v**h - 7*v - 4 + 1/3*v**3. Determine x(0).
-7
Suppose d - 4 = -d. Let q(g) = 4*g**2 - 24*g - 13. Let o(h) = h**2 - 6*h - 3. Let z(x) = d*q(x) - 9*o(x). Let b be (-6)/(72/(-76)) + 4/6. Calculate z(b).
-6
Let y(f) = -f**3 + 2. Let k = -3 + 1. Let b be (-66)/(-8) - k/(-8). Let n = b - 6. Calculate y(n).
-6
Let n(r) = -r**3 - 2*r**2 + r + 1. Let g(w) = 3*w**3 + 3*w**2 + 3. Let q(y) = g(y) + 4*n(y). Calculate q(-5).
-13
Let r(h) = -h**3 + 9*h**2 - 5*h - 11. Let g = 100 - 99. Suppose 57 = 7*i + g. Give r(i).
13
Let c(u) = 3*u - 1. Let v be 5/(-25) - 42/(-10). Suppose 5*j = 10, -2 = v*i + 4*j - 10. Suppose -5*f - 5*n - 5 = i, n + 6 = f + 1. Determine c(f).
5
Let j = -35 - -17. Let p = j + 22. Let i(g) = 2*g - 1. Let u(h) = -2*h + 1. Let a(l) = -5*i(l) - 6*u(l). Determine a(p).
7
Let f(r) be the second derivative of r**3/3 + 2*r**2 - r. Let w(o) = -18*o**2 - 50*o + 8. Let a be w(-3). Give f(a).
-4
Let r(s) = s**2 - 13*s + 5. Let j be r(12). Let c be 2/(-1) + (j - -9). Let y(n) = c*n - 6*n**2 + 3*n**3 + n - 6*n - 4*n**3. Calculate y(-5).
0
Suppose 4*o - 27 - 5 = 0. Suppose -3*r + o - 14 = 